emainder when 1181071 is divided by 590528.
15
Calculate the remainder when 3429607 is divided by 1133.
16
What is the remainder when 1297130 is divided by 324270?
50
Calculate the remainder when 764412 is divided by 69490.
22
Calculate the remainder when 7266540 is divided by 1647.
1623
Calculate the remainder when 1495520 is divided by 299089.
75
Calculate the remainder when 209949 is divided by 1666.
33
What is the remainder when 86039 is divided by 84135?
1904
What is the remainder when 3099077 is divided by 5298?
5045
What is the remainder when 1091675 is divided by 58?
57
What is the remainder when 462719 is divided by 103?
43
What is the remainder when 45733711 is divided by 33?
1
What is the remainder when 1340304 is divided by 3563?
616
What is the remainder when 79327551 is divided by 15865509?
6
What is the remainder when 586607 is divided by 781?
76
Calculate the remainder when 597134 is divided by 16.
14
What is the remainder when 367892 is divided by 61058?
1544
Calculate the remainder when 9458995 is divided by 106.
85
Calculate the remainder when 569778 is divided by 13581.
12957
What is the remainder when 3787976 is divided by 2393?
2250
What is the remainder when 236524 is divided by 5759?
405
Calculate the remainder when 133017 is divided by 1929.
1845
Calculate the remainder when 311395 is divided by 1226.
1217
Calculate the remainder when 5340823 is divided by 78541.
35
Calculate the remainder when 10239602 is divided by 2047919.
7
What is the remainder when 26974230 is divided by 4582?
4578
What is the remainder when 143943974 is divided by 2570428?
6
What is the remainder when 31557224 is divided by 1699?
1697
Calculate the remainder when 89942 is divided by 28878.
3308
What is the remainder when 15055 is divided by 316?
203
What is the remainder when 97917358 is divided by 19607?
0
What is the remainder when 27539052 is divided by 135?
132
Calculate the remainder when 310481 is divided by 576.
17
Calculate the remainder when 51312598 is divided by 580.
578
What is the remainder when 9328634 is divided by 31730?
14
Calculate the remainder when 1424388 is divided by 876.
12
What is the remainder when 21047 is divided by 162?
149
What is the remainder when 5577890 is divided by 1338?
1106
What is the remainder when 167990 is divided by 5220?
950
Calculate the remainder when 79930 is divided by 79890.
40
What is the remainder when 960822 is divided by 36950?
122
Calculate the remainder when 702619 is divided by 234189.
52
Calculate the remainder when 17728766 is divided by 256.
254
Calculate the remainder when 387686 is divided by 3313.
65
What is the remainder when 1009721 is divided by 201935?
46
Calculate the remainder when 2644258 is divided by 21498.
4
What is the remainder when 590671 is divided by 1102?
1101
Calculate the remainder when 244023 is divided by 142.
67
What is the remainder when 1613058 is divided by 1551?
18
What is the remainder when 374674 is divided by 1136?
930
What is the remainder when 360363 is divided by 394?
247
Calculate the remainder when 5120160 is divided by 2560015.
130
Calculate the remainder when 138384 is divided by 4055.
514
What is the remainder when 17510 is divided by 520?
350
Calculate the remainder when 474931 is divided by 1463.
919
What is the remainder when 225958119 is divided by 4912133?
1
Calculate the remainder when 230449 is divided by 8845.
479
What is the remainder when 703629 is divided by 317?
206
What is the remainder when 159808 is divided by 31942?
98
What is the remainder when 36698 is divided by 686?
340
Calculate the remainder when 75653 is divided by 70629.
5024
What is the remainder when 111825 is divided by 259?
196
What is the remainder when 248023484 is divided by 88014?
32
What is the remainder when 74268474 is divided by 4328?
4322
What is the remainder when 43580 is divided by 39462?
4118
What is the remainder when 591278 is divided by 197002?
272
Calculate the remainder when 1289910 is divided by 322445.
130
Calculate the remainder when 8300 is divided by 726.
314
What is the remainder when 1572709 is divided by 10413?
346
Calculate the remainder when 91028 is divided by 1423.
1379
What is the remainder when 76149 is divided by 815?
354
Calculate the remainder when 150068 is divided by 10712.
100
Calculate the remainder when 72961684 is divided by 10483.
4
Calculate the remainder when 445757 is divided by 287.
46
Calculate the remainder when 34809 is divided by 1232.
313
Calculate the remainder when 2272996 is divided by 1000.
996
Calculate the remainder when 106919 is divided by 1600.
1319
What is the remainder when 3890452 is divided by 1099?
1091
Calculate the remainder when 13358531 is divided by 132.
131
Calculate the remainder when 9015069 is divided by 794.
787
What is the remainder when 14958510 is divided by 99?
6
Calculate the remainder when 7914043 is divided by 1754.
1749
What is the remainder when 8518250 is divided by 2839415?
5
Calculate the remainder when 446443 is divided by 687.
580
Calculate the remainder when 2989415 is divided by 2908.
2899
Calculate the remainder when 9515 is divided by 1331.
198
What is the remainder when 9553 is divided by 596?
17
Calculate the remainder when 1205196 is divided by 401688.
132
Calculate the remainder when 8930858 is divided by 17.
10
Calculate the remainder when 36460310 is divided by 29715.
5
What is the remainder when 408448 is divided by 27224?
88
Calculate the remainder when 1877545 is divided by 70.
5
Calculate the remainder when 778494 is divided by 16.
14
Calculate the remainder when 1070283 is divided by 12741.
39
Calculate the remainder when 5866767 is divided by 519.
510
What is the remainder when 21843212 is divided by 8?
4
Calculate the remainder when 3009229 is divided by 9.
7
Calculate the remainder when 528 is divided by 3.
0
Calculate the remainder when 3334625 is divided by 24.
17
Calculate the remainder when 2962131 is divided by 2962130.
1
What is the remainder when 486003 is divided by 242997?
9
Calculate the remainder when 1061350 is divided by 12943.
24
Calculate the remainder when 15496593 is divided by 382.
381
Calculate the remainder when 36787 is divided by 34664.
2123
What is the remainder when 71389998 is divided by 476?
470
What is the remainder when 70608 is divided by 4505?
3033
Calculate the remainder when 5563162 is divided by 2454.
2398
What is the remainder when 14711681 is divided by 14?
5
What is the remainder when 51820 is divided by 1520?
140
What is the remainder when 13475865 is divided by 4206?
4047
What is the remainder when 169630 is divided by 8481?
10
Calculate the remainder when 367172 is divided by 3136.
260
What is the remainder when 5424 is divided by 1688?
360
Calculate the remainder when 445163 is divided by 163.
10
What is the remainder when 544625120 is divided by 1237?
1234
What is the remainder when 704593 is divided by 29331?
649
Calculate the remainder when 3730685 is divided by 161.
154
Calculate the remainder when 395004970 is divided by 1096.
1090
What is the remainder when 6897647 is divided by 670?
667
What is the remainder when 5993 is divided by 103?
19
Calculate the remainder when 7395688 is divided by 4307.
569
What is the remainder when 6704371 is divided by 465?
1
What is the remainder when 1553271 is divided by 39817?
408
Calculate the remainder when 15410883 is divided by 2274.
2259
Calculate the remainder when 1049559 is divided by 170.
149
What is the remainder when 68325 is divided by 3318?
1965
Calculate the remainder when 45637967 is divided by 1825516.
67
Calculate the remainder when 106097738 is divided by 21219545.
13
Calculate the remainder when 2009295 is divided by 4935.
750
What is the remainder when 1013548 is divided by 1318?
6
Calculate the remainder when 468699 is divided by 718.
563
Calculate the remainder when 304355 is divided by 304354.
1
Calculate the remainder when 19725 is divided by 5276.
3897
What is the remainder when 3128625 is divided by 210?
45
Calculate the remainder when 22595 is divided by 1047.
608
Calculate the remainder when 2200304 is divided by 86.
80
What is the remainder when 39198 is divided by 19546?
106
What is the remainder when 3813762 is divided by 263?
262
What is the remainder 